-42 - (70 - 112)) + (1 - 29).
-28
-51 + (-35 - (-116 - -42))
-12
What is (7596 - 7584) + 2 + -1 + (1 - 0) + -18?
-4
Calculate 31 + (-45 - -62) - 32.
16
What is the value of -1 - ((21 + -17 - -27) + -19)?
-13
-20 - (-51 + -50 + 97)
-16
What is the value of 29 + -12 + 49 + -32 - -36?
70
Evaluate (751 - 694) + -4 + 6.
59
What is 404 - 429 - (-64 - -3)?
36
Evaluate -88 - (7 - ((-20 - -42) + -5 + -5)).
-83
What is the value of -28 - ((-84 - 15) + 103)?
-32
-31 + -2 - (65 + -109 - -76)
-65
Calculate (334 - 309) + (-1 - -1 - 128 - 0).
-103
Calculate (2 - -11) + (-10 - -16 - (-116 + 40)).
95
Evaluate 47 + 2 - ((1 - -59) + -51).
40
Calculate 1 - ((-1 - 17) + (8 - 5)) - (-163 + 160).
19
Calculate 41 + -45 + (32 - 18).
10
(28 - 36 - (6 + 2)) + 7 - -7 - 80
-82
(3 + 1 + 2 - 17) + -101 + 97
-15
What is -29 - (0 + 1 - (-28 + -6 + 33))?
-31
10 + -19 - (-11 + (5 - -7) - 5)
-5
What is -120 + (-105 - -123) - 5?
-107
4 - (56 + (-17 - -9) + 5 - (-2 - 5))
-56
-52 + 24 + 11 + -2 + 7 + (2 - -39)
29
What is (497 - 386) + (3 - -12 - 15 - (-16 - -1))?
126
Calculate -64 - (-73 - -12) - 5.
-8
-76 - (2 - (1 - -3) - (177 + -156))
-53
Calculate -9 + (-2 - 88) - -88.
-11
Calculate 0 + -11 - (-4396 - -4438).
-53
Evaluate 5 + (-2 - (2 - (0 + -1))) + (-300 - -298).
-2
What is the value of 79 + -64 + -40 + -33?
-58
Evaluate (-23 - (6 + -24)) + 6 - (0 + -37 - 2).
40
Evaluate 41 + (-122 - -37 - -35).
-9
What is -43 - ((-23 - 59) + 37)?
2
Evaluate 6 + -9 - (-1 - 73) - (22 - -21 - 37).
65
Evaluate 14 + (38 - (72 + -16)) + -52.
-56
What is the value of -102 + (84 - 48 - 41)?
-107
43 + 2 + 4 - (5 + 35 + -27)
36
130 + 2 + 28 + 82 + -96
146
What is the value of (-7 - -1) + -125 + 113 - 0?
-18
What is the value of 13 + (-4 - (24 - 15)) + -9?
-9
10 - (-3 - (13 - (8 + 16)))
2
Calculate -4 + -96 - (846 + -843).
-103
Evaluate 57 + (-103 - (-100 + 0)).
54
What is the value of 2 + (7 - (23 + -9 - (-8 + 5 + 13)))?
5
-1 + 29 + -11260 + 11211
-21
What is the value of 21 + (-15 - -31) - (20 - (-9 + 17))?
25
10 + -79 - -4 - ((28 - 62) + 20)
-51
What is the value of (-60 - -39) + 19 + (5 - 11)?
-8
Evaluate -9571 + 9484 - (0 + 2 + -21).
-68
What is the value of (-42 - -42) + (6 + -15 - -35)?
26
What is the value of -2 + 13 - (-109 + 104 - (40 + -1 + 0))?
55
Calculate 148 - 45 - (-48 - -98).
53
Calculate -6 + 1 - (-13 - (37 - (43 - 47))).
49
Calculate (20 - 52) + -73 + 41.
-64
Evaluate (65 + -106 - 14) + 82.
27
Calculate (-1 + 0 - (9 + -10 - -4)) + (-89 - -85).
-8
Evaluate -17 + 22 + (-69 - (-3 - (-11 + 5) - 3)).
-64
What is 3 + -1 + -116 + -18378 + 18397?
-95
Calculate 88 - 131 - 69 - -24.
-88
What is the value of 41 + ((-3 - (0 - 5)) + 0 - (-12 + 13))?
42
What is the value of 0 + 54 - (4 + 9 + -10)?
51
What is the value of 5 - (11 + -2) - (-74 + 66) - 41?
-37
What is (-51 - -48) + -13 + 52?
36
-9 + (-11 - (14 + -56)) - 144
-122
Evaluate 19 - (-40 + (39 - 9)).
29
What is (-87 - -68) + 52 + -112?
-79
Evaluate -12 + (60 + -45 - 35 - (1 + -89)).
56
Evaluate 1 + 27 + -3909 + 3913.
32
What is -2 + -26 + 5 + (-68 - -39 - (-24 - -2))?
-30
41 + -9 + 3 + -73 - 15
-53
What is 63 + (39 - 25 - (4 + 25) - 1)?
47
What is the value of -10 - ((-12 - (-29 + 9)) + -12)?
-6
13 + (43 + -51 + (7 - 0) - (-1 - 29))
42
What is 5 + -20 + 24 + -24 + -20?
-35
What is the value of 52 - (-6 + (16 - -1) + -5 + (-25 - -17))?
54
Calculate -8 - -6 - (-3 - (-14 + (73 - 5))).
55
Evaluate 11 + -14 + 9 - (38 - 32).
0
What is the value of 51 + -45 - (-53 - 9) - 14 - 6?
48
Evaluate (-1 - (-34 - (-6 - (-6 + (-7 - -6))))) + 12.
46
4 - 16 - (-45 + -44 + 48)
29
3 + (10 - 0 - (-20 - (-22 - 47)))
-36
Evaluate (-52 - -82) + -19 + -1.
10
What is the value of -145 + 140 - (-120 + 4)?
111
What is the value of -15 - (-90 + (18 - (15 - 18)))?
54
-11 - (-21 + 11) - (-1 + -3 - (83 + -148))
-62
(-22 - -29 - 148 - -38) + 0 + 12
-91
(-1 - (-3 + (-7 - -5))) + -580 + 555
-21
What is the value of (7 - (-8 + -11) - -9) + (9 - -1 - 4)?
41
Evaluate (2 - 11) + -13 + -18 + 16.
-24
Evaluate 116 + 92 + -52 - (1 - -28).
127
What is 35 + (-2 - 0) + 401 + -514?
-80
Calculate 5 - (-30 - 7 - (-14 + (2 - -11) + -7)).
34
17 - (75 - -86) - -81
-63
Evaluate 109 + (6 + -10 - (15 - -9 - 9)).
90
(-68 - (45 - (14 + -8 + 25))) + (1 - 16)
-97
-29 + (-29 - -108) - 128
-78
What is 5 + (-35 - (-30 + 26 + -16)) + 91?
81
-1 + -1 - (-117 + 117) - (-1 + 27) - 4
-32
Evaluate (81 - (-22 + 95)) + 116 + (1 - 24).
101
Calculate -56 + 63 + 0 + -6 - -9 - -15.
25
Evaluate 63 - 37 - 7 - -32.
51
Evaluate 12 + (-53 - (-42 - -36)).
-35
Calculate 1 - 103 - (-1193 + 1166).
-75
20 - ((-24 + 25 - -18) + 15)
-14
Evaluate (-11 - -16) + -3 + 8 + 21 + -1.
30
Calculate -12 - (-121 + 82 - 16).
43
What is -60 + (17 + -3 + 12 + -20 - -2) - -4?
-48
What is 41 + -1 - (796 + -774) - 80?
-62
What is the value of 56 + (-32 - 84) + 25?
-35
Calculate 20 - 84 - ((3 - 7) + (-4 - -7 - 6)).
-57
Evaluate -63 + 47 + (1 - -4 - ((3 - 4) + -3)).
-7
Calculate (10 - (2 - -2)) + -3 - (-19 + (16 - -13)).
-7
-10 + -56 + 105 - 36
3
What is the value of (36 - (-1 + (24 - -23))) + -12 + 0?
-22
Evaluate -128 - (169 + -55 + -135).
-107
Calculate -17 + -23 + 58 + -29 - 9.
-20
What is -3 + 9 + 1 + -3 - (2039 - 2008)?
-27
What is (-22 - -2 - -8) + (55 - 34) - (5 - -14)?
-10
(90 - 79) + 70 - 18
63
What is the value of 6 - 1 - (117 + (-124 - -8))?
4
What is -8 + -15 + -3 + (-10 - -48)?
12
99 - (-108 - -310) - -98
-5
What is 5 + -24 + 106 + -42 + -10?
35
What is -1 - (44 - -3) - (-34 - (-6 + -20))?
-40
(-67 + -3 + 4 - -7) + 6 + -16 + 9
-60
(44 - (-1 - -5) - 18) + -73
-51
What is 32 + -1 + (-192 - (-407 - -262))?
-16
What is the value of (-1597 + 1579 - (-1 + 1 + -5)) + 95?
82
What is -91 - (25 + -239 + 95)?
28
Evaluate 26 + -28 + -17 + 0 - (15 + -142).
108
Calculate (-56 - (-130 - -64)) + 43.
53
-2 + (-16 - (5 - 10)) + -26 + -5
-44
What is the value of 32 - ((-13 - -20 - 19) + 3)?
41
What is -287 + 282 + (20 - 1) - 22?
-8
Evaluate (-9 - -13) + (-95 - -94 - (-1 + -1 - 35)).
40
What is the value of 19 - (-17 - (-22 + -42)) - 0?
-28
Calculate (-3613 - -3462) + -1 + 3 + 5.
-144
What is the value of -1 + 9 + (-56 - -49 - ((-7 - -6) + 1))?
1
-45 + 0 - ((-33 - -21 - -33) + -19)
-47
What is the value of -46 + 2 + -1 + 0 + -10150 + 10163?
-32
What is the value of 43 + (78 - (-42 - -156))?
7
What is -9 - (65 + (21 - (11 - -22))) - -7?
-55
Evaluate 1071 - 1063 - (4 - -17).
-13
-16 + 1 + (-67 - -11) + 49
-22
Calculate -72 - -104 - -52 - 109.
-25
What is the value of -10 + 6 + 110 + -203?
-97
What is the value of -20 + -74 + 123 + -73?
-44
Calculate 13 + (1 - 6) - (-3 - -2).
9
Calculate 1 - ((48 - (12 + -6)) + 0 + 5 + -9).
-37
What is the value of -36 + (-13 + 19 - 17) - (1 + -7) - -3?
-38
What is -93 + (21 - (-15 + 51)) + 26 + 0?
-82
Calculate -91 - (59 + -53 + 20).
-117
Calculate (-30 - (-8 + 44)) + -11 - (-1 + -13).
-63
Evaluate -112 + 138 + (11 + -2 - 19).
16
What is 7 + -8 + (-13 - 9) - -20?
-3
Evaluate 75 + -29 + (25 - (0 - -10)).
61
Evaluate -88 - (20 + -6 + -58).
-44
24 - (50 + 2 + -38) - -29
39
What is 5 + 0 - (52 + -39 + -13 + (-49 - -4))?
50
Calculate 58 + -10 + (7 + -10 - 0) + (-4 - -29).
70
(73 + -56 - -43) + -96
-36
(-8 - -3) + (-1994 - -2034)
35
What is the value of -122 + 114 - (49 + -11)?
-46
Calculate -484 + 500 + (-27 - 0) + -14.
-25
What is 27 + -46 + (-23 - -29 - -1)?
-12
Calculate -7 + 14 + (-137 - -131).
1
(116 - 7) + (-11 - (-8 - -7)) + 0 + 4
103
25 + (-29 - (3 - (-4 - -17)) - -6)
12
What is the value of (15 - 40 - -32) + (41 - (0 - -3))?
45
What is the value of -25 + 22 + (0 - -62) + (9 - 1)?
67
What is the value of (130 - 109) + (24 - 12)?
33
What is 90 + -57 + -22 + -129?
-118
Calculate 2 - -35 - (209 + -180 - (24 + 0)).
32
Calculate -4 - -29 - ((-18 - -83) + 14).
-54
Evaluate (4 - 51 - 8) + (9 - 3) + 11 + -21.
-59
What is -4 + (-39 - -6) + 63 + -94?
-68
Calculate (3 + 5 + -10 - 2) + (106 - 77 - -5).
30
Evaluate 3117 - 3111 - (3 + 1 + 3).
-1
(-837 - -821) + (21 - 2) + 1
4
Evaluate (2 - (1 + 125)) + (208 + -219 - (6 + -22)).
-119
-11 + (50 + -67 - 16)
-44
5 - (-3 - -29) - (-17 - (-7 + -17))
-28
Evaluate -13 + (47 - (48 + -54)).
40
What is the value of 104 + -43 - (4 - -29)?
28
Calculate (7 + -8 - -2 - (-3 + -6 - -50)) + 10.
-30
What is 20 - 58 - (42 + -116)?
36
What is the value of 55 + (38 - -8) - 66?
35
What is the value o